?
5
Let p = 169 + 185. What is the units digit of p?
4
Let p(t) = -t**3 - 6*t**2 + 7. Let s be p(-4). Let j = -23 - s. What is the tens digit of -1 - 111/(-6)*j?
3
Let l = 1470 - 852. What is the hundreds digit of l?
6
Let x = 20 + 8. Let z = 33 - x. Suppose 4*v = h - 0 - 10, 5*v = z*h - 35. What is the units digit of h?
6
What is the units digit of (-23)/(6 - (-580)/(-96))?
2
Suppose 5 = q + 3. Suppose 187 = 4*k - 5*s, -s = -q*k + k + 48. What is the tens digit of k?
5
Suppose 2*m + 5*m - 11690 = 0. What is the units digit of m?
0
Let h(g) = 2*g + 8. Let w be h(-3). Suppose w*n = -5*t - 3*n + 295, -t = -2*n - 59. What is the tens digit of t?
5
Let g(l) = -6*l - 4. Let i be g(-3). Suppose -2*n - i = -224. What is the hundreds digit of n?
1
Let m(a) = -10*a - 1. Let g be ((-6)/1 - -3) + 1. What is the tens digit of m(g)?
1
Suppose 6 = d - 3*d + w, 5*w = -3*d - 35. Let q(b) = -b**3 + 3*b. Let a be q(d). Suppose 5*l + 2*m - a = -0*l, -4*l + 101 = -m. What is the tens digit of l?
2
Suppose 0*k - 2*k + 22 = 0. Let o be 75/10 + -6 - 244/(-8). Let l = o - k. What is the units digit of l?
1
Suppose 0*t = -3*p + 4*t - 86, 25 = 5*t. Let a = -36 - p. Let y(q) = -q**3 - 13*q**2 + 8*q - 13. What is the tens digit of y(a)?
7
Let i(x) be the third derivative of -x**6/120 - x**5/15 + x**4/4 + x**3/6 - 5*x**2. Let k be i(-5). What is the units digit of (-2)/(6/(-117)) + k?
5
Suppose 4*u - 145 = -g, u + 4*g - 40 = -0*u. Let j = u - 17. What is the units digit of j?
9
Let k = -3679 + 8996. What is the hundreds digit of k?
3
Let o = 427 + -324. What is the hundreds digit of o?
1
Let r(k) = 3*k - 9*k + 61 - 13*k + 3*k + k**2. What is the units digit of r(13)?
2
Let m be (-3)/(-5)*(21 + -1)/2. Let l(g) = 21*g - 24. What is the units digit of l(m)?
2
Suppose 9*h = 5*h. Let n(f) = -f**3 - f**2 - 2*f + 55. What is the units digit of n(h)?
5
Let b(s) = -s**2 - 15*s - 15. Let j be (20/8)/((-2)/8). What is the units digit of b(j)?
5
Let t = -2463 + 4194. What is the units digit of t?
1
What is the hundreds digit of (-1)/(-12) + (-26651)/(-12)?
2
What is the hundreds digit of (-10)/35 + 106614/63?
6
Let h be 782*1/15 - 2/15. Suppose 0 = -h*f + 51*f + 22. What is the tens digit of f?
2
Let g(c) = c**3 + 8*c**2 - c - 4. Let k be g(-8). Suppose 16 = -4*t, 3*w = k*w - 3*t - 132. What is the units digit of w?
0
Suppose 8*i = -41*i + 180173. What is the thousands digit of i?
3
Let r(h) = -11*h - 29. Let t be r(-4). Suppose 0 = q - t + 10. What is the units digit of q?
5
Let d(x) = 3*x - 4. Let i = 41 + -14. Let b = i - 20. What is the tens digit of d(b)?
1
Let p(j) = j**2 - 5*j + 8. Let u be p(3). Suppose u*l - 216 = 5*g, -5*l + 4*g = -g - 510. What is the units digit of l?
8
Suppose -6 = -6*z + 4*z - 5*a, 5*z - 5*a - 15 = 0. Let u(l) = 69*l + 8. What is the hundreds digit of u(z)?
2
Let a = 1194 + -740. What is the units digit of a?
4
Let o(r) = r**3 - 6*r**2 - r - 6. Suppose 3*m + 4 = 3*j + 7, -5*m + 2*j + 20 = 0. Let p be o(m). What is the units digit of (-165)/p - 1/(-4)?
4
Let v = -5 - 0. Let u(l) = 4*l**3 - 3*l - 4. Let h(a) = -3*a**3 + a**2 + 4*a + 5. Let y(d) = -5*h(d) - 4*u(d). What is the units digit of y(v)?
1
Let g(k) = 12*k**2 - k - 6. Suppose -30 = 5*l + 5*a, -2*l - 1 + 5 = -2*a. Let w(c) = 11*c**2 - 6. Let i(f) = l*g(f) + 3*w(f). What is the tens digit of i(-3)?
6
Let h(x) = x**3 + 8*x**2 + 3*x - 2. Suppose -2*p + 17 = -3*j, -p = -4*j + 4*p - 18. Let z be h(j). Suppose -y + z = 5. What is the units digit of y?
1
Let x be 5/(-15) + 4/(-6). Let o be -3*(87/9 + x). Let l = o - -55. What is the tens digit of l?
2
Let b(z) = z**2 + 16*z - 42. Let w be b(-20). Suppose -3*h + 16 = -w. What is the units digit of h?
8
Suppose r = 5*i - 2*r + 10, 2*i + 4 = r. What is the units digit of 71 + 1 + -1 + i?
9
Let u = -1136 + 1528. What is the units digit of u?
2
What is the units digit of (-19)/(76/(-7704)) - 7?
9
Let m(h) = -28*h**2 + 4*h - 1. Let v be m(2). What is the tens digit of ((-3)/12)/(2 - v/(-52))?
1
Let g = 69 - 33. Let b = g - 21. What is the units digit of b?
5
Suppose -19*i + 1604 + 2956 = 0. What is the units digit of i?
0
Let w(s) = s**2 - 13*s - 6. Let g(x) = -x**3 + 14*x**2 + x + 1. Let v = 9 - -5. Let u be g(v). What is the units digit of w(u)?
4
Suppose l = -4*s + 808, 10*s = 13*s - 3*l - 606. What is the tens digit of s?
0
Suppose 2*o + 23 = o. Let n = o - -27. What is the units digit of (-11)/(n/40*-2)?
5
Suppose 2*p = -p - 81. Let l be 39 + 0 - (-7 - -6). Let t = p + l. What is the tens digit of t?
1
Let v(k) = k**2 + 7*k + 17. Let s be v(-7). Suppose 15*i = s*i - 96. What is the units digit of i?
8
What is the units digit of (-5509)/(-14)*(-4 + 2)/(-1)?
7
Let f = -16 + -27. Let v = 11 - f. Suppose x = -x + v. What is the units digit of x?
7
Let i(o) = -2*o**2 + 3*o + 2. Let j be i(4). Let u = j + 49. Suppose 0 = 3*c - u - 11. What is the units digit of c?
4
Suppose -3*l = -2*l - 337. What is the units digit of l?
7
Let x = -92 + 133. Suppose 5*o + 3*t = 298, -4*o - 3*t + 198 + x = 0. Suppose 3*z = 4*g - 0 + o, 3*z - 43 = -4*g. What is the tens digit of z?
1
Let n(w) = 146 - 2*w**3 + w + w**2 - w**3 - 147 + 5*w**3. What is the units digit of n(4)?
7
Let s be 14/4*(-18)/(-21). Let w be 23 + (s - 2 - -2). Let t = w + 6. What is the tens digit of t?
3
Let r(z) be the second derivative of -z**3/6 + 5*z**2 - 7*z. What is the tens digit of r(-4)?
1
Let s(l) = 3*l**2 - 3*l - 18. What is the units digit of s(13)?
0
Suppose -4*s + 3*q + 27 = 4*q, -s - q = -3. Suppose -870 = -5*x - 3*a, 4*x + 4*a - s*a = 728. What is the units digit of x?
7
Let g = 2 + 2. Suppose -5*q = -q + 12, -g = 2*p + 4*q. Suppose p*c + 50 = 194. What is the tens digit of c?
3
Suppose d = -4*c + 3 - 1, -5*c - 3*d - 1 = 0. Let y be 15/(c - (-14)/(-8)). What is the tens digit of 0/2 - (y - 4)?
2
Suppose f - 2 = 0, 1578 = 3*x - 5*f - 1958. What is the hundreds digit of x?
1
Suppose -3*s - 8 + 23 = 0. Suppose -4*f + 33 + 63 = -2*q, -4*q + 146 = s*f. Suppose -b + 5 = 0, x - 73 = -2*b - f. What is the tens digit of x?
3
Suppose -11*m = -2*m + 108. Let w = 240 + m. What is the hundreds digit of w?
2
Let i be 7 - (-3)/(3 + -4). Suppose 0 = i*b - 9*b + 35. Let z(h) = -h**3 + 8*h**2 - 4*h - 4. What is the units digit of z(b)?
7
Let t = -61 + 61. What is the units digit of (t - 18/15)/(3/(-10))?
4
Suppose -274*y + 2140 = -272*y. What is the tens digit of y?
7
Let i(z) = 206*z**2 + 2*z - 7. What is the tens digit of i(3)?
5
Suppose -2*k = -3*o - 574 - 1243, -2*k - 3*o = -1811. What is the hundreds digit of k?
9
Let s = 113 + -79. Suppose -c - 3 = s. Let y = c + 61. What is the units digit of y?
4
Let q(g) = 4*g + 1. Let p be q(-1). Let x be 1*(-3 + 2)*p. Suppose 0 = -4*s + x*s + 60. What is the tens digit of s?
6
Suppose 8*f + 20 = 3*f. What is the units digit of f/(-26) - (-1380)/156?
9
Suppose 2*y = 2*h + 3858, -2*y - 933 = 4*h - 4815. What is the units digit of y?
3
Suppose -4*m = -m + 600. Let t = -70 - m. What is the tens digit of t?
3
Let s be (17 + -12)*(-2 + (2 - -1)). Suppose -s*k + 81 = 11. What is the tens digit of k?
1
Suppose -4*x + 5*x = -56. Let a be x/(-20)*(-20)/2. Let v = 15 - a. What is the units digit of v?
3
Let v be (-3 - 0 - -1) + 16. Suppose -6*y + 4 = 2*j - 4*y, 0 = -3*j + 5*y + v. Suppose -5*m = j*z - 5, m - 5*m + 2*z + 26 = 0. What is the units digit of m?
4
Suppose -6*i + 30 = -0*i. Suppose 3*y = i*y + 266. Let a = y - -192. What is the units digit of a?
9
Suppose -5*o + 286 = -o + 5*p, o - 5*p - 59 = 0. Let m = 11 + o. What is the units digit of m?
0
Suppose -25 = -5*n, 24*v - 21*v - 10451 = 2*n. What is the thousands digit of v?
3
Let o = -72 + 64. Let x(b) = 3*b**2 - 7*b + 11. What is the units digit of x(o)?
9
Suppose v = -3*d + 74, 2*d + 3 = 5. Let i = 50 + v. What is the hundreds digit of i?
1
Suppose 4*a + 30 = 350. What is the units digit of a?
0
Suppose -5*g - 2*h - 13 = -2*g, -2*h - 10 = 2*g. Let f = 157 - 174. What is the units digit of f/(-2)*(-6)/g?
7
Suppose -4 = -9*y - 58. What is the tens digit of 110/(-2)*y/30?
1
Suppose 0*o = -o + 130. Let t = -226 - -314. Suppose -5*z + b - 20 = -o, 0 = -4*z - 3*b + t. What is the tens digit of z?
2
Let y(x) = x**3 - 11*x**2 - 17*x - 63. What is the hundreds digit of y(18)?
8
Suppose -5*s = -3*b - 175, 0*s = -s - 2*b + 